09.
11
What is the greatest common divisor of 51 and 1717?
17
What is the highest common factor of 1463 and 539?
77
What is the greatest common factor of 3374 and 14?
14
What is the highest common divisor of 141 and 987?
141
Calculate the highest common divisor of 29316 and 28.
28
Calculate the highest common factor of 60 and 220.
20
What is the greatest common factor of 371 and 1272?
53
Calculate the highest common factor of 2505 and 1336.
167
What is the highest common factor of 84 and 1452?
12
Calculate the greatest common divisor of 4 and 66.
2
Calculate the greatest common divisor of 1224 and 108.
36
Calculate the highest common factor of 6488 and 16.
8
What is the highest common divisor of 7 and 467?
1
What is the highest common factor of 9 and 117?
9
What is the greatest common factor of 119 and 68?
17
Calculate the greatest common factor of 88 and 11.
11
What is the greatest common divisor of 1479 and 816?
51
What is the highest common factor of 33 and 363?
33
Calculate the highest common divisor of 52 and 52.
52
What is the highest common factor of 18 and 19098?
18
What is the greatest common divisor of 158 and 158?
158
What is the highest common divisor of 240 and 15?
15
Calculate the highest common factor of 107 and 16.
1
What is the greatest common factor of 60 and 1340?
20
What is the highest common factor of 278 and 4?
2
What is the greatest common divisor of 236 and 177?
59
Calculate the greatest common divisor of 45 and 639.
9
Calculate the greatest common divisor of 1666 and 34.
34
What is the highest common factor of 27 and 2007?
9
Calculate the greatest common factor of 8 and 232.
8
What is the highest common factor of 80 and 2210?
10
Calculate the highest common divisor of 134 and 11926.
134
What is the greatest common divisor of 15 and 1020?
15
What is the highest common divisor of 7139 and 363?
121
Calculate the highest common divisor of 74 and 333.
37
Calculate the greatest common factor of 666 and 18.
18
Calculate the highest common divisor of 762 and 6.
6
What is the greatest common divisor of 21 and 2149?
7
Calculate the highest common factor of 210 and 90.
30
Calculate the greatest common factor of 468 and 572.
52
Calculate the highest common divisor of 5533 and 11.
11
What is the highest common factor of 162 and 17334?
162
Calculate the highest common divisor of 2205 and 1995.
105
Calculate the highest common divisor of 280 and 30.
10
What is the greatest common divisor of 21 and 4809?
21
Calculate the greatest common factor of 3 and 12.
3
What is the highest common divisor of 2314 and 13?
13
What is the greatest common factor of 1304 and 8?
8
What is the greatest common factor of 80 and 80?
80
Calculate the highest common factor of 8788 and 4.
4
What is the greatest common divisor of 112 and 92176?
112
Calculate the highest common divisor of 47606 and 26.
26
Calculate the highest common divisor of 160 and 6440.
40
What is the highest common factor of 34 and 459?
17
Calculate the highest common factor of 11 and 22.
11
Calculate the greatest common factor of 2028 and 18.
6
What is the greatest common divisor of 245 and 23?
1
Calculate the greatest common factor of 299 and 69.
23
Calculate the greatest common factor of 81 and 7101.
27
What is the greatest common divisor of 2 and 26?
2
What is the greatest common divisor of 300 and 400?
100
What is the highest common factor of 68 and 68?
68
What is the greatest common divisor of 116 and 58?
58
What is the highest common divisor of 351 and 9?
9
Calculate the greatest common factor of 1365 and 35.
35
Calculate the greatest common factor of 16 and 368.
16
Calculate the greatest common factor of 580 and 6090.
290
What is the highest common divisor of 117 and 273?
39
Calculate the highest common divisor of 231 and 6457.
11
Calculate the greatest common factor of 1488 and 36.
12
What is the highest common factor of 3828 and 66?
66
What is the greatest common factor of 89 and 5429?
89
What is the highest common factor of 12 and 174?
6
Calculate the highest common divisor of 550 and 242.
22
What is the greatest common divisor of 310 and 341?
31
What is the highest common factor of 172 and 215?
43
What is the greatest common factor of 75 and 50?
25
What is the highest common factor of 62 and 341?
31
Calculate the highest common factor of 132 and 120.
12
Calculate the highest common factor of 33 and 231.
33
What is the greatest common factor of 168 and 60?
12
What is the highest common divisor of 351 and 540?
27
Calculate the highest common divisor of 126 and 5436.
18
Calculate the highest common factor of 674 and 8.
2
What is the greatest common factor of 4332 and 24?
12
What is the greatest common divisor of 152 and 8?
8
What is the highest common factor of 41 and 1107?
41
Calculate the greatest common divisor of 320 and 880.
80
Calculate the greatest common divisor of 790 and 869.
79
Calculate the highest common divisor of 2372 and 4.
4
What is the greatest common divisor of 24 and 36?
12
What is the greatest common divisor of 399 and 42?
21
What is the highest common factor of 434 and 56?
14
What is the greatest common factor of 182 and 14?
14
Calculate the highest common divisor of 20 and 45.
5
Calculate the greatest common factor of 115 and 26105.
115
Calculate the highest common factor of 36 and 420.
12
Calculate the highest common factor of 15 and 39135.
15
What is the highest common factor of 168 and 1743?
21
What is the greatest common divisor of 47 and 35297?
47
Calculate the greatest common divisor of 30 and 7680.
30
Calculate the greatest common factor of 3002 and 38.
38
Calculate the greatest common divisor of 4 and 10.
2
What is the highest common factor of 58 and 184846?
58
Calculate the highest common factor of 65 and 208.
13
What is the greatest common divisor of 253 and 23?
23
Calculate the greatest common factor of 6681 and 524.
131
What is the greatest common divisor of 940 and 10?
10
Calculate the greatest common divisor of 4396 and 364.
28
Calculate the greatest common divisor of 527 and 17.
17
Calculate the greatest common factor of 320 and 60.
20
What is the greatest common factor of 322 and 14?
14
Calculate the greatest common divisor of 6 and 87.
3
Calculate the highest common divisor of 1311 and 912.
57
Calculate the highest common factor of 2471 and 56.
7
What is the greatest common divisor of 136 and 8?
8
What is the greatest common factor of 99 and 891?
99
What is the greatest common divisor of 11993 and 67?
67
What is the greatest common divisor of 546 and 1053?
39
Calculate the highest common divisor of 3228 and 12.
12
What is the highest common divisor of 12 and 356?
4
What is the highest common factor of 132 and 300?
12
What is the highest common divisor of 125 and 135?
5
What is the greatest common divisor of 76 and 8?
4
What is the greatest common divisor of 270 and 240?
30
What is the greatest common divisor of 1798 and 58?
58
What is the highest common divisor of 33 and 1397?
11
What is the greatest common factor of 30 and 1030?
10
Calculate the greatest common factor of 490 and 1400.
70
Calculate the greatest common factor of 152 and 7201.
19
What is the greatest common factor of 61750 and 260?
130
Calculate the greatest common factor of 819 and 63.
63
What is the greatest common divisor of 310 and 1395?
155
Calculate the highest common factor of 41 and 1025.
41
What is the greatest common divisor of 3472 and 186?
62
Calculate the greatest common divisor of 8 and 5448.
8
Calculate the greatest common divisor of 1452 and 12.
12
What is the greatest common factor of 54 and 12?
6
What is the highest common divisor of 1920 and 180?
60
What is the greatest common factor of 882 and 306?
18
Calculate the greatest common divisor of 21 and 168.
21
What is the highest common factor of 1 and 177?
1
Calculate the highest common factor of 14388 and 12.
12
Calculate the greatest common factor of 6239 and 34.
17
Calculate the greatest common factor of 168 and 348.
12
Calculate the highest common factor of 4582 and 474.
158
What is the highest common divisor of 109 and 1417?
109
Calculate the greatest common factor of 32 and 624.
16
Calculate the highest common divisor of 385 and 161.
7
Calculate the highest common factor of 1854 and 18.
18
Calculate